 common factor of w and 6.
6
Suppose s + 4*q - 24 = 0, -s - q + 27 = 2*q. What is the highest common factor of s and 12?
12
Let k = 1 - 3. Let j be (0/3)/1 - k. Suppose 96 = 3*y - 3*g, 7*y - 172 = j*y - g. Calculate the highest common factor of 51 and y.
17
Let i be (-70)/(-4)*-2*(-182)/65. Calculate the greatest common factor of i and 14.
14
Suppose -48 = -11*u + 7*u. What is the greatest common divisor of u and 78?
6
Let x be ((-528)/(-40))/((-2)/(-10)). Calculate the greatest common factor of x and 22.
22
Let h be -1 - -4 - -3*4. Suppose 3*d = h, -107 = -4*r - d + 158. What is the greatest common divisor of r and 13?
13
Let p(h) be the first derivative of h**4/4 + 7*h**3/3 - 2*h**2 - 5*h + 3. Let w be p(-6). What is the highest common divisor of 11 and w?
11
Suppose 9*f = 4*f + 10. Let w be (-12)/(-9)*3/f. Let d be (4/(-1))/(1/(-1)). What is the greatest common divisor of w and d?
2
Let a be (-200)/32 + (-1)/(-4). Let o be 8/a*75/(-10). Calculate the highest common divisor of o and 20.
10
Let i be (0 - -2)*2/4. Suppose -w = -4 - 13. Suppose -w - 3 = -5*a. What is the highest common factor of i and a?
1
Suppose -20 = 6*r - 7*r. Calculate the greatest common divisor of 20 and r.
20
Let u be 108/14 + 8/28. Let r be 1/2*(0 + u). Suppose 0 = 5*v - 3*q - 54, -4*v - r*q = v - 33. Calculate the greatest common factor of v and 18.
9
Let j = -5 - -9. Let z(b) = b**2 - 4*b + 3. Let l be z(j). Suppose 23 = l*u - 247. Calculate the highest common factor of u and 10.
10
Let i = 24 + 14. Calculate the greatest common divisor of 19 and i.
19
Let l be (-1)/(-1)*(7 + 0). Suppose -43 = -5*j - u, 2*u = 5*j + l - 41. Calculate the greatest common divisor of 8 and j.
8
Let y(t) be the first derivative of 9/2*t**2 + 2*t - 1/3*t**3 + 2. Let q be y(8). What is the greatest common divisor of q and 80?
10
Let p = -2 - -4. Suppose p*v + 68 = 4*d, 3*d + 24 = 4*d - 4*v. What is the greatest common factor of 32 and d?
16
Suppose -4*h + f - 183 = -455, 5*h + f - 349 = 0. Calculate the greatest common factor of h and 23.
23
Let r(d) = d**2 - 5*d + 2. Let n be r(7). Calculate the highest common factor of n and 176.
16
Let r(q) = -q**3 + 7*q**2 - 6*q + 2. Let c be r(6). What is the highest common factor of c and 26?
2
Let t(i) be the first derivative of -i**2/2 + 7*i - 3. Let k be t(-8). Let u be (-240)/2*(-1)/2. What is the greatest common divisor of u and k?
15
Let i = -70 + 107. Let q = -25 + i. Calculate the highest common divisor of q and 84.
12
Let l(g) = g - 8. Let q be l(4). Let v be (-1)/(-2)*2 - q. What is the highest common divisor of v and 55?
5
Let d(r) = -3*r - 6. Suppose 5*v + 0*v = 3*a - 15, v - 4*a = -20. Let x be 6/(-2) + (v - 1). Let n be d(x). Calculate the highest common factor of 66 and n.
6
Let j(i) = i**3 + 11*i**2 - 12*i + 10. Let l be j(-12). Let f = 11 - l. Calculate the highest common divisor of f and 3.
1
Let c be (-80)/6*(-1008)/30. Let f = -240 + c. Suppose 4*p + f = 2*s, -2*s + 5*p + 58 = -148. What is the greatest common divisor of s and 12?
12
Suppose 4*c = 3*c. Suppose 88 = 5*k - 4*j, c*k - 2*k - 4*j + 24 = 0. Calculate the greatest common divisor of k and 2.
2
Let u be (-2)/3 + 184/6. Suppose -2*s + u = 2*z, 0 = 5*z - 6*s + s - 35. Let v be (2*1)/2 + 32. Calculate the greatest common divisor of v and z.
11
Let f(z) = -4*z - 3. Let q be f(-2). Let i = -5 + q. Suppose i*v - 5 = -v. What is the highest common divisor of v and 10?
5
Let n(g) = -g**3 + 5*g**2 - 5*g. Let a be n(2). What is the highest common divisor of a and 2?
2
Suppose 5*r = 5*y - 107 - 133, 2*y - 81 = -3*r. What is the highest common divisor of 135 and y?
45
Let b(q) be the second derivative of -3*q + 1/2*q**2 - 5/12*q**4 + 0 + 5/6*q**3 + 1/20*q**5. Let z be b(4). What is the greatest common factor of z and 45?
5
Let p(r) = 2*r**3 - 10*r**2 + 4*r. Let d be p(7). What is the greatest common divisor of d and 28?
28
Let r(l) be the third derivative of l**6/60 + l**5/60 + l**4/12 - l**3/2 - 5*l**2. Let z be r(2). Calculate the greatest common factor of z and 3.
3
Let z be 89 - (8/4)/(-2). What is the highest common divisor of z and 10?
10
Let g(i) = i**2 + 28*i + 3. Let x be g(-29). What is the greatest common factor of x and 24?
8
Suppose -n + 28 = -5*q, 0*q + 148 = 3*n + q. Suppose -5*h = -9*h + 24. What is the highest common divisor of n and h?
6
Suppose 0 = -5*l + l + 72. Calculate the greatest common factor of 198 and l.
18
Suppose 0 = -3*c + 3 + 3. Suppose 0 = -c*s - 2, -2*w + 0*s + 2*s + 12 = 0. Suppose -28 + 3 = -w*j. Calculate the highest common divisor of 25 and j.
5
Let s = 3 + 5. Let c(d) = -d**2 + 11*d - 12. Let a be c(s). What is the highest common factor of a and 8?
4
Let j(n) = -n**3 + 10*n**2 + 12*n - 4. Let u(o) = -o**2 + 6*o + 6. Let h be u(5). Let d be j(h). Calculate the highest common factor of 21 and d.
7
Suppose 4*u - 29 = -j, u + j - 2*j = 6. Suppose -31 = -n - u. Suppose -2*x + n = -5*k, x - k + 24 = 3*x. Calculate the greatest common factor of x and 36.
12
Let r = 9 - -9. Calculate the greatest common divisor of 18 and r.
18
Suppose w - 5 = -1. Suppose -c - 3*c = -w. What is the greatest common factor of c and 3?
1
Suppose -j - j = -22. Calculate the highest common factor of 33 and j.
11
Let h(a) = a**3 + 2*a**2 + 2*a - 3. Let f be h(5). Calculate the greatest common divisor of 26 and f.
26
Let k(u) = -10*u - 15. Let q(n) = -19*n - 31. Let y(p) = -13*k(p) + 6*q(p). Let o be y(7). Let g = o - 51. What is the greatest common divisor of 10 and g?
10
Let r(a) = -16*a + 4. Let m be r(-7). Let f = m - 74. Let n(c) = 7*c. Let k be n(1). What is the highest common divisor of f and k?
7
Let i(r) = -r**2 + 4*r + 7. Let j be i(5). Suppose 4*k + 2*u = 210 - 16, j*u = 3*k - 163. Calculate the highest common factor of 34 and k.
17
Suppose 3*l - 54 = 3*y + 81, -5*y + 275 = 5*l. What is the highest common divisor of 10 and l?
10
Let y be (1 - -31) + -8 + 8. What is the greatest common divisor of 256 and y?
32
Suppose 22 = h - 23. Suppose 17 = -4*n + 89. Calculate the highest common divisor of h and n.
9
Let q = 24 + 116. What is the greatest common factor of q and 28?
28
Suppose -d + p + 94 = 0, 389 - 103 = 3*d - p. What is the greatest common divisor of 3 and d?
3
Suppose -2*g = -346 + 110. Let q = g + -78. Suppose 0 = -27*n + 24*n + 15. Calculate the highest common factor of n and q.
5
Suppose 0 = -5*g - 78 + 3. Let o be (26/(-6))/(5/g). Calculate the highest common divisor of o and 26.
13
Let i = 594 + -378. Let d be (-1 + 118/10)*(-45)/(-18). What is the highest common factor of d and i?
27
Let x(y) = -y - 1. Let b be x(-2). Let z = b + 2. Suppose -5*t - 2*i + 111 = 0, -z*t + 0 + 77 = -4*i. What is the highest common factor of 138 and t?
23
Let y(c) be the first derivative of -9*c**2/2 - 2*c + 1. Let o be y(-2). What is the greatest common factor of 40 and o?
8
Suppose q = -w + 48, -q + 2*w = -40 + 1. What is the greatest common divisor of q and 18?
9
Suppose -2*s - s = -45. Let k = -16 + 26. Calculate the greatest common divisor of k and s.
5
Let u be 0 - -27 - (-4)/(-2). Calculate the highest common divisor of 200 and u.
25
Suppose 2*l - 19 = -5*k + 57, -4*l - 4*k + 176 = 0. Suppose -2*r + r = -l. What is the highest common factor of r and 6?
6
Let f = 21 + -18. Suppose f*k + k = 16. Suppose 2*y - 3*y = -8. Calculate the greatest common divisor of y and k.
4
Let r = -339 + 742. Let t = -240 + r. Let v = t - 37. Calculate the highest common factor of 14 and v.
14
Suppose 18 = 4*j - 2. Suppose j*y - 274 = -i, 9 = -y + i + 59. Calculate the greatest common factor of y and 6.
6
Suppose 0*u + 252 = 4*u. Let x(r) = 9*r - 18. Let k be x(3). Calculate the highest common factor of u and k.
9
Suppose -2*f - 5*o = -63, 0*o - 3*o + 15 = 0. What is the highest common divisor of 171 and f?
19
Let u(l) = -l**2 - 11*l + 12. Let c be u(-9). Let n be -55 + -1 - 2/(-2). Let q = -35 - n. Calculate the greatest common factor of q and c.
10
Let i = -3 + 6. Let g be (i + 2)*(0 - -5). Calculate the highest common factor of 5 and g.
5
Let f be (-3)/6 + 124/8. Calculate the highest common divisor of 105 and f.
15
Let a(b) = -b**3 - 7*b**2 + 4. Let n be a(-7). Let u be n + -2 - -17 - -1. Calculate the greatest common factor of 8 and u.
4
Let j = -11 + 23. What is the greatest common d